 be 4422/77 - x/7. Suppose 7*s = -2 + z. What is the highest common factor of s and 72?
8
Let r be 35*-1*(-1 - -2). Let j = r - -19. Let o be j/(-10)*(-5)/(-2). What is the greatest common factor of o and 1?
1
Let x(h) = -h**3 - 6*h**2 + 2. Let a be x(-6). Let p be (8/6 - a)*201. Let o = -88 - p. What is the greatest common factor of 115 and o?
23
Suppose -3 = n - 5. Suppose -34*k + 933 - 81 = -32. Calculate the greatest common divisor of n and k.
2
Suppose 3*m + 2*r + 145 = 0, -6*r - 44 = m - r. Let b = -33 - m. Calculate the highest common divisor of b and 64.
16
Suppose 5*y + 24*y = 26361. What is the greatest common divisor of 9 and y?
9
Let i(q) = q**3 - 14*q**2 + 13*q + 2. Let u be i(13). Suppose -6*c - 16 = -2*c, 3*p + u*c = 448. Calculate the greatest common divisor of 19 and p.
19
Let i(p) = -14*p - 5. Let b be i(-5). Suppose b = 3*y + 23. Suppose -2*r + 2*n + 46 = 0, 2*r - r + 3*n - 43 = 0. What is the highest common divisor of y and r?
14
Suppose 17*r + 40 = 22*r. What is the greatest common factor of 148 and r?
4
Suppose 0 = -i - 2*j + 76, -2*i + 4*j + 191 = 7. Calculate the greatest common divisor of i and 36.
12
Let q = 964 - -71. What is the highest common divisor of 45 and q?
45
Suppose -2*u - 18 = -4*u. Suppose -3*w - w - 3*z = -17, -5*w + z + 45 = 0. Let m(q) = q + 1. Let d be m(w). What is the greatest common factor of u and d?
9
Let y(l) = 13*l + 22. Let g be y(2). Let c = 17 - -7. What is the greatest common divisor of c and g?
24
Let u(z) = 2*z + 6. Let n be u(-1). Suppose n*b = m - 16 - 6, -m - 3*b = -50. Calculate the greatest common divisor of m and 19.
19
Let k be 1*(-85)/51 + (-32)/(-3). What is the highest common divisor of k and 21?
3
Let p(q) = -4*q + 14. Let j be p(3). Let i be ((-8)/(-8))/(1/j). Calculate the highest common factor of i and 3.
1
Let h be (170 - 0)/(-14*3/(-42)). Calculate the greatest common divisor of h and 102.
34
Suppose -2*o + 8*o - 120 = 0. Let c = o - 16. Suppose 4 = 2*j - x, -c*x = j - 3*j - 2. What is the greatest common factor of 15 and j?
3
Suppose 11*t + 37*t = 240. Calculate the greatest common factor of 19 and t.
1
Let g(v) = -16*v - 1. Let p be g(6). Let x = 152 + p. What is the greatest common factor of 5 and x?
5
Suppose t + 10 = 3*t, -4*z + 3*t = -33. Let q = z + -9. Suppose -75 = -2*j - q*o, 3*j = -6*o + 3*o + 105. What is the highest common divisor of j and 75?
15
Suppose 0 = -26*p + 24*p + 22. Let b be (p + 0)/((-2)/(-4)). Let k(z) = -5*z + 2. Let w be k(-4). Calculate the greatest common factor of w and b.
22
Suppose 0 = -66*y + 8553 + 2337. Calculate the greatest common divisor of y and 297.
33
Let n = -27 - 63. Let k be n/(-3)*(-9)/(-6). Let w(o) = 7*o + 2. Let s be w(4). What is the greatest common divisor of s and k?
15
Let t = 5 - 13. Let o = -35 - -58. Let b = o + t. What is the highest common divisor of 10 and b?
5
Suppose -2*h = 2*r, r + 4*h - h = -6. Let n be 3/((-9)/(-2))*r/2. Let b = -2 - -3. What is the greatest common divisor of b and n?
1
Let n be (-4 - (-26)/8)*-4. Suppose -2*g - 26 = 6*b - 2*b, 0 = n*b. Let o = g + 21. What is the highest common divisor of o and 72?
8
Let k be -4 - (-1 - 328 - 3). Let c(t) = t**2 - 10*t + 17. Let n be c(12). What is the highest common divisor of k and n?
41
Let n = 34 + -43. Let o = 10 + n. Calculate the highest common divisor of o and 2.
1
Let r = -17 - -26. Suppose -1 = -r*u + 8*u. Let x = -9 + 10. What is the highest common divisor of x and u?
1
Let r be 1*-3*(-8)/(-6). Let j be ((-6)/r)/(-1)*-10. Let v(w) = -45*w + 2250. Let o be v(47). What is the highest common divisor of o and j?
15
Let p be 61 + (8 - 9)*11. Calculate the highest common factor of 550 and p.
50
Suppose 2*s - 264 = -3*u + 220, 3*u = -5*s + 1228. Suppose -42*z - 1450 - 6362 = -294*z. Calculate the greatest common factor of z and s.
31
Let g = -257 - -277. What is the greatest common factor of g and 8?
4
Let n = -1 + 8. Suppose j = n - 3. Suppose 5*a - 17 = -o, -a = -5*o + 6 + 1. What is the highest common factor of j and o?
2
Suppose -3*s + 40*s - 1628 = 0. What is the highest common divisor of s and 748?
44
Let u(p) = 5*p**2 - 3*p**3 + 0*p**2 + p - 3*p**2. Let o be u(-1). Suppose 2*w + 4 = 3*w, 4*q - 52 = -w. Calculate the highest common divisor of o and q.
4
Suppose 0 = -3*a - 19 + 7, 927 = 3*h - 3*a. Let u = h - 145. Calculate the greatest common divisor of 20 and u.
20
Suppose 35 = 3*u + d - 2, -4*u + 53 = 5*d. Suppose 28*f = 21*f + 588. Calculate the greatest common factor of u and f.
12
Suppose 3*l - k - 892 = 0, -5*l + 1500 = -3*k - 2*k. Calculate the greatest common factor of 222 and l.
74
Let w(h) = h**2 - 11*h - 30. Let f be w(15). Suppose x + 13 = 5*l, 5*l - 4*x - f = -8. Let v = 15 - 7. What is the greatest common divisor of v and l?
2
Let r be (-1)/(-3) - (-392)/12. Let b = r - 28. Calculate the highest common factor of b and 5.
5
Let q(h) = h**3 - 18*h**2 + 17*h + 25. Let u be q(17). Let g = 59 - u. Calculate the highest common divisor of g and 85.
17
Suppose -4*p = -2*z - 344, 20 = -0*z - 5*z. Suppose -10*g + 5*g = -15. Let f be (g/(-2))/(2/(-16)). Calculate the greatest common factor of f and p.
12
Suppose -4*y - 4*q = -308, 13 = -q + 14. What is the highest common divisor of y and 380?
76
Let s(p) = p**2 + 10*p - 2. Let c be s(7). Calculate the highest common factor of c and 27.
9
Suppose 0 = -77*b - 196 + 2121. Suppose -4*d + 28 = -12. What is the highest common factor of d and b?
5
Suppose -5*b = -2*m + 15, -3*m = 3*b - 8 - 4. Suppose 10 + m = 5*u. Let g be u/(0 - (-9)/66). Calculate the highest common factor of 242 and g.
22
Suppose -5*l - 5*l = 10. Let t be 133/9 + l + (-55)/(-45). What is the highest common divisor of t and 45?
15
Suppose 2*p = 4*w - 6 + 32, w - 1 = -2*p. Suppose 4*y = -b + 578, 572 = p*y + y - 2*b. Calculate the highest common factor of y and 16.
16
Let p(y) = 550*y - 176. Let v(u) = 22*u - 7. Let l(m) = -4*p(m) + 99*v(m). Let n be l(-7). What is the greatest common divisor of 33 and n?
33
Let m = 613 - 547. Calculate the highest common divisor of m and 561.
33
Suppose -14*r = -3*r - 1617. Suppose 0*c + 3*c = 180. Let w = c - 39. What is the highest common divisor of w and r?
21
Let p be ((-4)/(16/38))/(2/(-12)). Suppose -59*o + p*o = -32. Calculate the highest common divisor of o and 80.
16
Let z be 1098/21 - -4 - 60/210. What is the greatest common divisor of z and 168?
56
Let z = -58 - -24. Let s = 169 + z. Suppose 4*o + 4*y = 64, -4*y + 9*y - 35 = -2*o. Calculate the highest common divisor of o and s.
15
Suppose 29*s - 10967 = 28154. Calculate the greatest common divisor of 213 and s.
71
Let k(o) = -o**3 + 20*o**2 + 41*o - 1. Let s be k(19). What is the greatest common divisor of 17 and s?
17
Let c = 94 + 28. Suppose -47 = -5*k - c. Let s be (-6)/10 + (-234)/k. Calculate the highest common factor of 45 and s.
15
Let m(s) = 3*s + 177. Let w be m(-29). Let v = -26 + 45. Suppose 2*d = -g + v, -2*d + 12 = -d - 2*g. Calculate the greatest common factor of d and w.
10
Suppose 16*v = 30*v - 406. Let z(u) = 58*u**2 - u - 1. Let c be z(-1). Calculate the highest common factor of c and v.
29
Let i = 115 + -103. Suppose 3*b = 5*p - 129, 2*p + p = -5*b + 57. Calculate the highest common factor of i and p.
12
Let m be ((-442)/(-51))/((-3)/(-9)). What is the greatest common divisor of 494 and m?
26
Let a = 28 - 26. Suppose -4*g - 10 = -a*s, s - 10 = -s - g. What is the greatest common factor of s and 45?
5
Suppose -l + 2*z = -0*z + 3, -2*l = 4*z - 10. What is the highest common divisor of l and 5?
1
Let f(k) = 23*k**2 + 6*k + 5. Let l be f(-2). Calculate the highest common factor of 3 and l.
1
Let b(z) = 252*z**2. Let n be b(-1). Let t be (-56)/(-8*2/8). What is the highest common divisor of n and t?
28
Let d be (-2)/7 - 800/(-56). Let w = 82 + 30. Calculate the greatest common divisor of d and w.
14
Let u(q) = -q**3 - 6*q**2 - 6*q - 3. Let f be u(-5). Let c = -1064 + 1078. Calculate the greatest common divisor of c and f.
2
Suppose 192 = -10*v + 11*v. Let a(p) = -5*p - 3. Let z be a(9). Let b be ((-1)/2)/(1/z). Calculate the highest common factor of v and b.
24
Let p(f) = 3*f - 2. Let a be p(2). Let c be (-6)/(a/(-16)*6). Suppose c*g - 40 = 3*g. What is the greatest common factor of g and 8?
8
Let m(a) = 5*a + 4. Suppose